tors of 253266.
2, 3, 13, 17, 191
List the prime factors of 4414283.
71, 79, 787
What are the prime factors of 4450903?
521, 8543
List the prime factors of 3107034.
2, 3, 7, 24659
List the prime factors of 9104306.
2, 19, 239587
What are the prime factors of 8893876?
2, 2223469
List the prime factors of 1208673.
3, 23, 5839
List the prime factors of 844096.
2, 11, 109
What are the prime factors of 660660?
2, 3, 5, 7, 11, 13
What are the prime factors of 1380920?
2, 5, 19, 23, 79
List the prime factors of 6014.
2, 31, 97
What are the prime factors of 4806197?
11, 601, 727
List the prime factors of 18589649.
13, 757, 1889
What are the prime factors of 1125545?
5, 225109
What are the prime factors of 546300?
2, 3, 5, 607
List the prime factors of 3175905.
3, 5, 211727
List the prime factors of 704968.
2, 11, 8011
List the prime factors of 10919400.
2, 3, 5, 18199
What are the prime factors of 6668949?
3, 7, 6481
What are the prime factors of 1476156?
2, 3, 11, 53, 211
What are the prime factors of 166140?
2, 3, 5, 13, 71
What are the prime factors of 271057?
271057
List the prime factors of 717243.
3, 239081
What are the prime factors of 1945365?
3, 5, 53, 2447
What are the prime factors of 7269590?
2, 5, 19, 38261
List the prime factors of 33664.
2, 263
What are the prime factors of 4806763?
13, 369751
What are the prime factors of 731221?
17, 43013
List the prime factors of 9039326.
2, 19, 237877
What are the prime factors of 3670924?
2, 83, 11057
What are the prime factors of 1061003?
103, 10301
List the prime factors of 30074182.
2, 367, 40973
List the prime factors of 595105.
5, 7, 347
List the prime factors of 524325.
3, 5, 6991
What are the prime factors of 1099409?
1099409
List the prime factors of 728451.
3, 29, 2791
List the prime factors of 331159.
331159
List the prime factors of 193299.
3, 64433
What are the prime factors of 413325?
3, 5, 11, 167
List the prime factors of 2081021.
17, 163, 751
List the prime factors of 2064663.
3, 47, 1627
What are the prime factors of 189725?
5, 7589
List the prime factors of 3045467.
883, 3449
What are the prime factors of 380854?
2, 191, 997
List the prime factors of 151429.
151429
What are the prime factors of 1542338?
2, 7, 41, 2687
List the prime factors of 441582.
2, 3, 73597
List the prime factors of 345141.
3, 4261
What are the prime factors of 196425?
3, 5, 97
What are the prime factors of 14679975?
3, 5, 195733
List the prime factors of 263176.
2, 67, 491
What are the prime factors of 173648?
2, 10853
What are the prime factors of 643599?
3, 11, 197
What are the prime factors of 6634188?
2, 3, 11, 1523
What are the prime factors of 1022937?
3, 340979
List the prime factors of 231155.
5, 83, 557
What are the prime factors of 262307?
47, 5581
What are the prime factors of 23723805?
3, 5, 7, 225941
What are the prime factors of 2208554?
2, 1033, 1069
What are the prime factors of 95119?
73, 1303
What are the prime factors of 2552522?
2, 7, 29, 6287
What are the prime factors of 3525333?
3, 7, 167873
What are the prime factors of 374678?
2, 187339
List the prime factors of 2633852.
2, 13, 50651
List the prime factors of 3460423.
53, 109, 599
List the prime factors of 741062.
2, 7, 43, 1231
What are the prime factors of 314092?
2, 17, 31, 149
What are the prime factors of 102217?
102217
List the prime factors of 409645.
5, 81929
List the prime factors of 1566966.
2, 3, 179, 1459
What are the prime factors of 503250?
2, 3, 5, 11, 61
What are the prime factors of 94590?
2, 3, 5, 1051
What are the prime factors of 107571?
3, 23, 1559
List the prime factors of 249962.
2, 124981
List the prime factors of 75223.
75223
List the prime factors of 642429.
3, 41, 1741
List the prime factors of 9340969.
11, 849179
What are the prime factors of 12664670?
2, 5, 281, 4507
What are the prime factors of 754022?
2, 377011
What are the prime factors of 18844626?
2, 3, 107, 149, 197
What are the prime factors of 2231721?
3, 19, 31, 421
What are the prime factors of 114367?
11, 37, 281
List the prime factors of 5788823.
17, 340519
What are the prime factors of 7729012?
2, 23, 84011
What are the prime factors of 686303?
653, 1051
List the prime factors of 780608.
2, 12197
List the prime factors of 387052.
2, 96763
What are the prime factors of 10293316?
2, 11, 233939
What are the prime factors of 7950421?
67, 107, 1109
What are the prime factors of 2754397?
2754397
List the prime factors of 883085.
5, 7, 23, 1097
List the prime factors of 15480798.
2, 3, 359, 7187
List the prime factors of 311540.
2, 5, 37, 421
What are the prime factors of 984019?
359, 2741
List the prime factors of 83992.
2, 10499
What are the prime factors of 125574?
2, 3, 20929
List the prime factors of 3244784.
2, 202799
List the prime factors of 13794056.
2, 43, 40099
What are the prime factors of 146663?
11, 67, 199
What are the prime factors of 30429732?
2, 3, 571, 4441
List the prime factors of 2336019.
3, 7, 173, 643
List the prime factors of 1053059.
7, 21491
What are the prime factors of 459389?
7, 29, 31, 73
What are the prime factors of 3616799?
1429, 2531
List the prime factors of 436663.
83, 5261
List the prime factors of 282254.
2, 7, 20161
What are the prime factors of 123295?
5, 24659
What are the prime factors of 2486544?
2, 3, 51803
List the prime factors of 294069.
3, 83, 1181
List the prime factors of 224466.
2, 3, 11, 19, 179
What are the prime factors of 2392484?
2, 103, 5807
List the prime factors of 4151596.
2, 53, 19583
What are the prime factors of 1572080?
2, 5, 43, 457
List the prime factors of 810200.
2, 5, 4051
List the prime factors of 112264.
2, 14033
What are the prime factors of 1431882?
2, 3, 79549
What are the prime factors of 2024782?
2, 23, 44017
List the prime factors of 1173285.
3, 5, 2897
List the prime factors of 2995545.
3, 5, 7, 47, 607
List the prime factors of 4051835.
5, 810367
List the prime factors of 2895301.
2895301
What are the prime factors of 195714?
2, 3, 83, 131
What are the prime factors of 553131?
3, 41, 1499
List the prime factors of 7417733.
19, 390407
What are the prime factors of 1465563?
3, 11, 89, 499
List the prime factors of 694132.
2, 97, 1789
List the prime factors of 1004542.
2, 7, 11, 593
List the prime factors of 1510180.
2, 5, 7, 23, 67
List the prime factors of 174244.
2, 7, 127
What are the prime factors of 334228?
2, 83557
List the prime factors of 408732.
2, 3, 34061
List the prime factors of 256670.
2, 5, 25667
What are the prime factors of 375079?
19, 1039
List the prime factors of 167136.
2, 3, 1741
What are the prime factors of 371376?
2, 3, 2579
What are the prime factors of 3855?
3, 5, 257
What are the prime factors of 3048537?
3, 107, 9497
List the prime factors of 257012.
2, 7, 67, 137
What are the prime factors of 2619285?
3, 5, 41, 4259
What are the prime factors of 170092?
2, 13, 3271
What are the prime factors of 1005287?
1005287
What are the prime factors of 8705754?
2, 3, 151, 3203
List the prime factors of 174196.
2, 11, 37, 107
List the prime factors of 3616500.
2, 3, 5, 2411
List the prime factors of 383974.
2, 113, 1699
List the prime factors of 93857.
17, 5521
What are the prime factors of 16876108?
2, 4219027
List the prime factors of 563681.
101, 5581
List the prime factors of 3526885.
5, 53, 13309
What are the prime factors of 3501701?
7, 251, 1993
What are the prime factors of 1606100?
2, 5, 16061
List the prime factors of 2230685.
5, 109, 4093
List the prime factors of 369932.
2, 23, 4021
What are the prime factors of 22945709?
71, 293, 1103
What are the prime factors of 14282120?
2, 5, 277, 1289
What are the prime factors of 246533?
7, 41, 859
What are the prime factors of 26013249?
3, 1433, 2017
List the prime factors of 2830740.
2, 3, 5, 11, 4289
What are the prime factors of 175928?
2, 21991
List the prime factors of 2887728.
2, 3, 60161
List the prime factors of 255988.
2, 63997
List the prime factors of 6386.
2, 31, 103
What are the prime factors of 40528604?
2, 107, 94693
What are the prime factors of 580838?
2, 290419
What are the prime factors of 270733?
23, 79, 149
What are the prime factors of 11760884?
2, 73, 40277
List the prime factors of 1515866.
2, 11, 68903
What are the prime factors of 69886?
2, 83, 421
What are the prime fac